s digit of 4000?
0
What is the hundreds digit of 729?
7
What is the units digit of 14637?
7
What is the tens digit of 16928?
2
What is the thousands digit of 3166?
3
What is the thousands digit of 2606?
2
What is the units digit of 86208?
8
What is the thousands digit of 59257?
9
What is the hundreds digit of 2474?
4
What is the ten thousands digit of 15182?
1
What is the units digit of 302?
2
What is the tens digit of 68?
6
What is the tens digit of 16?
1
What is the hundreds digit of 56338?
3
What is the units digit of 92551?
1
What is the units digit of 78591?
1
What is the units digit of 13587?
7
What is the hundreds digit of 671?
6
What is the ten thousands digit of 31958?
3
What is the hundreds digit of 923?
9
What is the tens digit of 96?
9
What is the ten thousands digit of 24512?
2
What is the units digit of 2241?
1
What is the tens digit of 619?
1
What is the units digit of 1706?
6
What is the tens digit of 2252?
5
What is the hundreds digit of 6212?
2
What is the units digit of 101291?
1
What is the units digit of 10716?
6
What is the units digit of 942?
2
What is the tens digit of 22961?
6
What is the tens digit of 7135?
3
What is the hundreds digit of 1868?
8
What is the hundreds digit of 1381?
3
What is the hundreds digit of 21042?
0
What is the thousands digit of 130945?
0
What is the thousands digit of 23763?
3
What is the thousands digit of 4677?
4
What is the hundreds digit of 3436?
4
What is the ten thousands digit of 83240?
8
What is the hundreds digit of 1863?
8
What is the units digit of 3659?
9
What is the tens digit of 264?
6
What is the hundreds digit of 142?
1
What is the tens digit of 37763?
6
What is the hundreds digit of 990?
9
What is the tens digit of 147?
4
What is the thousands digit of 1241?
1
What is the tens digit of 2570?
7
What is the hundreds digit of 118130?
1
What is the hundreds digit of 16022?
0
What is the tens digit of 6220?
2
What is the tens digit of 968?
6
What is the tens digit of 1443?
4
What is the tens digit of 677?
7
What is the hundreds digit of 86664?
6
What is the tens digit of 1844?
4
What is the thousands digit of 36505?
6
What is the units digit of 1703?
3
What is the thousands digit of 58778?
8
What is the thousands digit of 28141?
8
What is the thousands digit of 1673?
1
What is the tens digit of 117?
1
What is the ten thousands digit of 16984?
1
What is the thousands digit of 20959?
0
What is the thousands digit of 3863?
3
What is the units digit of 3674?
4
What is the units digit of 15586?
6
What is the ten thousands digit of 54027?
5
What is the ten thousands digit of 79728?
7
What is the thousands digit of 7026?
7
What is the units digit of 2397?
7
What is the ten thousands digit of 33969?
3
What is the units digit of 38079?
9
What is the thousands digit of 6212?
6
What is the tens digit of 745?
4
What is the thousands digit of 6340?
6
What is the hundreds digit of 181?
1
What is the tens digit of 12508?
0
What is the hundreds digit of 8881?
8
What is the tens digit of 3802?
0
What is the hundreds digit of 4691?
6
What is the hundreds digit of 10072?
0
What is the hundreds digit of 19271?
2
What is the hundreds digit of 31798?
7
What is the units digit of 8632?
2
What is the ten thousands digit of 27815?
2
What is the thousands digit of 2562?
2
What is the thousands digit of 24283?
4
What is the units digit of 4883?
3
What is the thousands digit of 2137?
2
What is the hundreds digit of 1133?
1
What is the thousands digit of 22177?
2
What is the thousands digit of 45024?
5
What is the hundreds digit of 1771?
7
What is the units digit of 25?
5
What is the ten thousands digit of 159822?
5
What is the units digit of 11576?
6
What is the hundreds digit of 722?
7
What is the tens digit of 1028?
2
What is the thousands digit of 52450?
2
What is the units digit of 106?
6
What is the hundreds digit of 188?
1
What is the hundreds digit of 19027?
0
What is the thousands digit of 4708?
4
What is the units digit of 214?
4
What is the units digit of 602?
2
What is the ten thousands digit of 43050?
4
What is the tens digit of 925?
2
What is the thousands digit of 21501?
1
What is the hundreds digit of 590?
5
What is the tens digit of 23302?
0
What is the hundreds digit of 57028?
0
What is the hundred thousands digit of 110112?
1
What is the units digit of 3868?
8
What is the tens digit of 1513?
1
What is the hundreds digit of 2024?
0
What is the units digit of 2951?
1
What is the hundreds digit of 1635?
6
What is the units digit of 16472?
2
What is the ten thousands digit of 38833?
3
What is the tens digit of 8449?
4
What is the thousands digit of 2564?
2
What is the units digit of 13178?
8
What is the units digit of 21286?
6
What is the thousands digit of 3486?
3
What is the hundreds digit of 603?
6
What is the thousands digit of 2093?
2
What is the tens digit of 1099?
9
What is the hundreds digit of 5356?
3
What is the tens digit of 339?
3
What is the tens digit of 3729?
2
What is the hundreds digit of 3905?
9
What is the units digit of 8655?
5
What is the units digit of 3750?
0
What is the units digit of 4164?
4
What is the tens digit of 16627?
2
What is the tens digit of 704?
0
What is the hundreds digit of 2294?
2
What is the thousands digit of 1959?
1
What is the hundreds digit of 11229?
2
What is the units digit of 557?
7
What is the units digit of 1564?
4
What is the hundreds digit of 34676?
6
What is the units digit of 7827?
7
What is the thousands digit of 93738?
3
What is the ten thousands digit of 118592?
1
What is the tens digit of 12605?
0
What is the tens digit of 1081?
8
What is the thousands digit of 4510?
4
What is the tens digit of 37067?
6
What is the hundreds digit of 4050?
0
What is the hundreds digit of 5868?
8
What is the units digit of 16?
6
What is the hundreds digit of 66110?
1
What is the ten thousands digit of 68227?
6
What is the units digit of 107?
7
What is the tens digit of 683?
8
What is the tens digit of 11391?
9
What is the thousands digit of 1778?
1
What is the thousands digit of 3445?
3
What is the units digit of 7434?
4
What is the ten thousands digit of 130715?
3
What is the ten thousands digit of 36105?
3
What is the tens digit of 3618?
1
What is the hundreds digit of 2374?
3
What is the thousands digit of 2842?
2
What is the hundreds digit of 338?
3
What is the thousands digit of 1294?
1
What is the units digit of 4292?
2
What is the hundreds digit of 4821?
8
What is the thousands digit of 17109?
7
What is the units digit of 201120?
0
What is the units digit of 7465?
5
What is the tens digit of 26103?
0
What is the tens digit of 3360?
6
What is the thousands digit of 16025?
6
What is the ten thousands digit of 100588?
0
What is the ten thousands digit of 26556?
2
What is the thousands digit of 5165?
5
What is the thousands digit of 85715?
5
What is the hundreds digit of 12130?
1
What is the tens digit of 6540?
4
What is the units digit of 7622?
2
What is the tens digit of 560?
6
What is the units digit of 531?
1
What is the units digit of 99787?
7
What is the tens digit of 23849?
4
What is the hundreds digit of 1017?
0
What is the ten thousands digit of 11488?
1
What is the units digit of 11269?
9
What is the tens digit of 11802?
0
What is the hundreds digit of 5359?
3
What is the units digit of 5111?
1
What is the hundreds digit of 7705?
7
What is the hundreds digit of 134391?
3
What is the hundreds digit of 48026?
0
What is the hundreds digit of 7155?
1
What is the tens digit of 1297?
9
What is the ten thousands digit of 11990?
1
What is the thousands digit of 30523?
0
What is the hundreds digit of 32761?
7
What is the units digit of 22750?
0
What is the hundreds digit of 59902?
9
What is the ten thousands digit of 68528?
6
What is the tens digit of 3209?
0
What is the units digit of 10648?
8
What is the hundreds digit of 2114?
1
What is the tens digit of 6255?
5
What is the hundreds digit of 9059?
0
What is the units digit of 12538?
8
What is the thousands digit of 1672?
1
What is the ten thousands digit of 13822?
1
What is the units digit of 23448?
8
What is the units digit of 6004?
4
What is the tens digit of 24206?
0
What is the thousands digit of 2430?
2
What is the thousands digit of 1734?
1
What is the thousands digit of 31111?
1
What is t